- 15179. What is the highest common factor of t and 396?
36
Let r be (0 + 1)*(-14)/(23 + -9). Let j be (r - (7 - 6))*-418. Calculate the highest common divisor of 22 and j.
22
Suppose -81*z = -448 - 1739. What is the highest common factor of 324 and z?
27
Let g be (-1 + 12/(-8))/((-6)/12). Suppose 5*y + g*w = 290, -w = -5*w + 8. What is the highest common factor of y and 7?
7
Let c be 17465/28 - (3/4 + -1). Suppose 6*h + 7*h - c = 0. Calculate the highest common factor of 6 and h.
6
Suppose 35 + 65 = g + 1. Calculate the greatest common factor of g and 22.
11
Let f be (51 + -50)/(2/3*(-12)/(-80)). What is the highest common divisor of f and 85?
5
Suppose -7*v = -2*t - 5*v + 8, -4*v = -2*t + 14. Let h be 8/(40/315)*t. What is the greatest common factor of 252 and h?
63
Let a = 2343 + -1671. Suppose -9824*p + 5964 = 9768*p - 19521*p. What is the highest common divisor of p and a?
84
Suppose 18*k + 384 = 22*k. Calculate the greatest common divisor of 816 and k.
48
Suppose -79 + 34 = -9*w. Suppose 0 = -4*v - v + 3*q + 25, 2*v - 29 = w*q. What is the highest common factor of v and 16?
2
Let g(h) = -7*h - 10. Suppose -2*c + 22 - 10 = 0. Let p be g(c). Let u = 55 + p. Calculate the highest common factor of 1 and u.
1
Suppose -244 = -40*v + 396. Suppose -913 = v*y - 9313. Calculate the greatest common divisor of 21 and y.
21
Suppose 11*u + 99 = 539. What is the greatest common divisor of u and 630?
10
Suppose -6*d - 27 + 45 = 0. Suppose 267 = d*r + 36. Calculate the highest common divisor of 14 and r.
7
Suppose -49 - 35 = -2*g. Let s(z) be the first derivative of z**4/4 - 2*z**3/3 + 3*z + 83. Let h be s(3). Calculate the highest common factor of h and g.
6
Suppose m + 105 = 8*m. Let p be -1*(-25)/m*(3 + 0). Calculate the greatest common divisor of p and 1.
1
Suppose 2*h = 6*h - 316. Suppose 112*z = 77*z + 11095. Suppose -2*w + z - h = 0. Calculate the greatest common divisor of 17 and w.
17
Let f be (17 + -2)/((-21)/(105/(-5))). Let u be 6/4*(-1 - -431). What is the highest common factor of f and u?
15
Let l(d) = -d**2 - 12*d - 2. Let z be l(-10). Let f be 0 - -42 - ((-6)/(-8))/(1/(-4)). Calculate the highest common divisor of z and f.
9
Suppose 198 = 4*p - w, -79 = -2*p - w + 17. Let r = 81 + p. Let l = 338 - r. What is the greatest common factor of l and 26?
26
Let w = -294 + 644. Suppose 337*m = w*m - 1170. What is the greatest common divisor of 50 and m?
10
Suppose -2*u + 30 = 6*b - 4*u, -4*b + 5*u - 2 = 0. Calculate the greatest common factor of b and 63.
7
Let p be (-2922)/(-22) - 2/(-11). Let y = -1541 - -2734. Let c = y + -1174. What is the greatest common divisor of c and p?
19
Let l(m) = 3*m**2 - 9. Let s be l(2). Suppose -i = 4*f - 5*f + 24, -52 = -s*f - 2*i. What is the highest common divisor of f and 340?
20
Let n be 0/(-6*(-3)/9). Suppose -5*g + g - 3*f + 2 = n, 0 = 5*g + f - 8. Let b be 4 + 1 + -4 + g. What is the highest common factor of 15 and b?
3
Suppose 3*w - 209 = 502. Let c = 247 - w. What is the highest common factor of c and 40?
10
Let w(b) = -b - 6. Let r be ((-3)/((-18)/28))/((-18)/81). Let o be w(r). What is the highest common factor of 65 and o?
5
Suppose 0 = 29*p + 181 - 587. Let g be (-6)/p + 0 + 3484/28. Calculate the greatest common factor of 31 and g.
31
Suppose -1104 + 8105 = 3*j + 4*o, 4*j = -4*o + 9344. Calculate the greatest common divisor of j and 22.
11
Let x be 1*4 - (-43 - -7). Suppose -h + s + 36 = -4*s, 2*s + x = 2*h. Let j be (-20)/((-10)/8 + 1). What is the greatest common factor of j and h?
16
Suppose 91*v + 6 = 94*v. Suppose b - 5 = 0, 2*b = -y - v*y + 22. Suppose -y*p = -436 + 28. What is the greatest common factor of p and 34?
34
Let f = -2652 + 2664. What is the greatest common divisor of f and 164?
4
Let i(h) = 3*h + 9. Let r be i(4). Suppose 5*t = -6 + r. Suppose 0 = -t*z - 5 - 4, -135 = -3*w - 4*z. What is the greatest common divisor of 7 and w?
7
Suppose -17*c = -119 + 51. Suppose c = 6*s - 248. Calculate the greatest common divisor of 147 and s.
21
Suppose -21*g = -47781 - 78. What is the highest common factor of 43 and g?
43
Let k be (-1092)/(-32) + (-1)/8. Suppose -3*f - 5*u = -k, -5*u - 97 = -3*f - 23. Let n = f - -34. Calculate the highest common divisor of 13 and n.
13
Let s = 34 + -21. Let q be (5 + -3)*60/8. Let d be 4/16 - (-8)/(160/q). Calculate the greatest common divisor of s and d.
1
Suppose -73*x + 69*x + 60 = 0. Let y be (16/5)/(1 + (-146)/150). Calculate the greatest common factor of x and y.
15
Let p = -82 - 81. Let m = -58 - p. Suppose -2*k = b - 210, k + b = -b + m. Calculate the highest common factor of 30 and k.
15
Let i(l) = -l**3 + 16*l**2 - 15*l - 16. Let k be i(15). Let b = 55 + k. Suppose -43*z + 252 = -b*z. Calculate the greatest common factor of 7 and z.
7
Let h(t) = 7*t**3 + 16*t**2 + 9*t + 12. Let a(l) = l**3 + l**2 + 1. Let g(d) = -6*a(d) + h(d). Let r be g(-7). Calculate the highest common factor of r and 60.
30
Let l(w) = w**3 - 3*w**2 - 5*w + 9. Let t be l(4). Suppose 335 + 640 = t*p. Let c be 0 - 0 - (-195)/5. What is the highest common factor of c and p?
39
Let d be (-81)/189 + 91941/105 - 3/15. What is the greatest common factor of d and 9800?
175
Suppose -4*r - 22 = 2. Let k be (64/12 + r)*(-195)/2. Let l be 0 + 1014/k + 4/10. What is the greatest common factor of 32 and l?
16
Suppose 9*t = 1042 + 641. Let p = 197 - t. Calculate the greatest common factor of 15 and p.
5
Let v be -1*(-1 - (-95)/105 - (-10736)/(-168)). Suppose 3*m + 2*m - 80 = 0. What is the greatest common divisor of m and v?
16
Let b(p) = 349*p**2 - 41*p - 40. Let z be b(-1). Let s be (420/75)/(2/5). What is the highest common factor of z and s?
14
Suppose 0 = -3*z + 18, -844*y + 845*y + 4*z - 366 = 0. What is the highest common factor of y and 9?
9
Suppose -8*y = -11*y - 2*d + 507, -525 = -3*y + 4*d. What is the greatest common divisor of 4161 and y?
57
Let a(f) = f**3 - f**2 + 25*f + 4. Let l be a(6). Suppose -2*o = y - 81, -4*y = -10*o + 13*o - l. Calculate the greatest common factor of 17 and y.
17
Suppose 2*y + 6926 = 2*u, 4*u + 2*y - 21359 + 7549 = 0. Calculate the highest common factor of u and 108.
108
Suppose 689 = -69*a - 4900. Let w be (-9)/(a/144) + -4. What is the highest common divisor of w and 69?
3
Suppose -5*b = -b - 84. Let x be 7 - 36/(-99)*-11. Calculate the greatest common factor of x and b.
3
Let n = -495 + 504. Suppose -309 = -n*v + 357. What is the greatest common divisor of v and 518?
74
Suppose -2*c = -2*s - 32, 7*c - 4*s - 76 = 2*c. What is the highest common divisor of c and 1134?
6
Suppose -13*f - 45638 = -45846. Calculate the greatest common factor of f and 880.
16
Let z be (-884)/91*(-3822)/28. What is the highest common factor of 34 and z?
34
Suppose 0*a + a = 4*y + 161, -y = -2*a + 308. Let i = a + -103. Let u = i + -45. Calculate the highest common factor of 65 and u.
5
Suppose 3*x = 12, r + 214 + 16 = -x. Let f be 2*(6 + (-9)/2)/(6/(-278)). Let j = f - r. What is the highest common divisor of 19 and j?
19
Let k be (-2 + (3 - 4))/(-3)*8. Suppose 124 = 11*t - k. What is the greatest common divisor of t and 60?
12
Let p be (0 + -1)/((672/6790)/(-48)). What is the greatest common factor of 10 and p?
5
Suppose 172*r + 24460 = -83*r + 57355. Let j = -1 + 4. Calculate the greatest common factor of j and r.
3
Suppose 110*p - 27060 = -90*p + 236140. What is the highest common divisor of 112 and p?
28
Suppose 221*p + 118272 = 211801 + 109349. What is the highest common factor of 135 and p?
27
Suppose 6*u - 1839 = -477. Let f = 287 - u. Calculate the greatest common divisor of f and 10.
10
Let y(h) = -2*h - 8. Let s be y(-6). Let b be s/(-18) - (-904)/18. Let p = -67813 - -67853. Calculate the highest common divisor of b and p.
10
Let m(h) be the first derivative of -3*h**2 + 47*h + 10. Let l be m(-8). Suppose 4*n - 74 - 78 = 0. Calculate the highest common divisor of l and n.
19
Let q be -1*(-704)/66*((-33)/(-2))/1. Let r(l) = -l**3 - 6*l**2 - 9*l - 6. Let u be r(-6). What is the highest common divisor of q and u?
16
Let g(a) = -a**2 + 10*a + 60. Let t be g(-4). Calculate the greatest common factor of t and 23.
1
Let b(k) = -15*k + 182. Let i be b(-35). Let z = -266 + i. What is the highest common divisor of 49 and z?
49
Let y(l) = 8*l - 136. Let u be y(16). Let o 